{"id":2099,"date":"2020-03-05T13:19:37","date_gmt":"2020-03-05T10:19:37","guid":{"rendered":"http:\/\/www.atasahne.com\/?page_id=2099"},"modified":"2020-03-10T12:38:24","modified_gmt":"2020-03-10T09:38:24","slug":"oditoryum","status":"publish","type":"page","link":"http:\/\/www.atasahne.com\/index.php\/oditoryum\/","title":{"rendered":"Oditoryum"},"content":{"rendered":"<div class=\"vc_row wpb_row lvsy-dhav-dotted vc_row-fluid\"><div class=\"wpb_column vc_column_container text-default vc_col-sm-12\"><div class=\"vc_column-inner \"><div class=\"wpb_wrapper\"><h2 style=\"text-align: left;font-family:Oswald;font-weight:400;font-style:normal\" class=\"vc_custom_heading\" >ALANLAR VE KAT PLANLARI<\/h2><h3 style=\"text-align: left;font-family:Oswald;font-weight:400;font-style:normal\" class=\"vc_custom_heading\" >OD\u0130TORYUM<\/h3><div class=\"vc_empty_space\"   style=\"height: 32px\"><span class=\"vc_empty_space_inner\"><\/span><\/div><div class=\"vc_tta-container\" data-vc-action=\"collapse\"><div class=\"vc_general vc_tta vc_tta-tabs vc_tta-color-purple vc_tta-style-classic vc_tta-shape-square vc_tta-spacing-1 vc_tta-gap-5 vc_tta-o-no-fill vc_tta-tabs-position-left vc_tta-controls-align-left  vc_custom_1583408090331\"><div class=\"vc_tta-tabs-container\"><ul class=\"vc_tta-tabs-list\"><li class=\"vc_tta-tab vc_active\" data-vc-tab><a href=\"#1583406757386-a3b87939-6082\" data-vc-tabs data-vc-container=\".vc_tta\"><span class=\"vc_tta-title-text\">GENEL<\/span><\/a><\/li><li class=\"vc_tta-tab\" data-vc-tab><a href=\"#1583406757406-74658848-3785\" data-vc-tabs data-vc-container=\".vc_tta\"><span class=\"vc_tta-title-text\">G\u0130R\u0130\u015e KAPILARI<\/span><\/a><\/li><li class=\"vc_tta-tab\" data-vc-tab><a href=\"#1583406795998-55a07c77-8cd9\" data-vc-tabs data-vc-container=\".vc_tta\"><span class=\"vc_tta-title-text\">SAHNE<\/span><\/a><\/li><li class=\"vc_tta-tab\" data-vc-tab><a href=\"#1583406814113-d8d5796d-3365\" data-vc-tabs data-vc-container=\".vc_tta\"><span class=\"vc_tta-title-text\">SAHNE ARKASI<\/span><\/a><\/li><li class=\"vc_tta-tab\" data-vc-tab><a href=\"#1583406832166-d1080cd0-d5aa\" data-vc-tabs data-vc-container=\".vc_tta\"><span class=\"vc_tta-title-text\">FUAYE ALANI<\/span><\/a><\/li><\/ul><\/div><div class=\"vc_tta-panels-container\"><div class=\"vc_tta-panels\"><div class=\"vc_tta-panel vc_active\" id=\"1583406757386-a3b87939-6082\" data-vc-content=\".vc_tta-panel-body\"><div class=\"vc_tta-panel-heading\"><h4 class=\"vc_tta-panel-title\"><a href=\"#1583406757386-a3b87939-6082\" data-vc-accordion data-vc-container=\".vc_tta-container\"><span class=\"vc_tta-title-text\">GENEL<\/span><\/a><\/h4><\/div><div class=\"vc_tta-panel-body\">\n\t<div class=\"wpb_text_column wpb_content_element  vc_custom_1583411891762\" >\n\t\t<div class=\"wpb_wrapper\">\n\t\t\t<p><img loading=\"lazy\" decoding=\"async\" class=\"size-large wp-image-2132 aligncenter\" src=\"http:\/\/www.atasahne.com\/wp-content\/uploads\/2020\/03\/ERA02653-copy-1024x677.jpg\" alt=\"\" width=\"1024\" height=\"677\" srcset=\"http:\/\/www.atasahne.com\/wp-content\/uploads\/2020\/03\/ERA02653-copy-1024x677.jpg 1024w, http:\/\/www.atasahne.com\/wp-content\/uploads\/2020\/03\/ERA02653-copy-300x198.jpg 300w, http:\/\/www.atasahne.com\/wp-content\/uploads\/2020\/03\/ERA02653-copy-768x508.jpg 768w, http:\/\/www.atasahne.com\/wp-content\/uploads\/2020\/03\/ERA02653-copy-1536x1016.jpg 1536w, http:\/\/www.atasahne.com\/wp-content\/uploads\/2020\/03\/ERA02653-copy-440x291.jpg 440w, http:\/\/www.atasahne.com\/wp-content\/uploads\/2020\/03\/ERA02653-copy.jpg 1900w\" sizes=\"(max-width: 1024px) 100vw, 1024px\" \/><\/p>\n<p>1.437,05 m2 alana sahip Oditoryum 1489 ki\u015fi kapasitelidir.<\/p>\n<p>Tiyatro etkinliklerinde sahne derinli\u011fini seyirciye hissettirebilmek ad\u0131na salon iki yan blok akustik perde ile kapat\u0131labilmekte ve kapal\u0131 tiyatro d\u00fczeninde 763 ki\u015filik oturum sa\u011flanabilmektedir.<\/p>\n<p style=\"text-align: left;\">Koltuk numaralar\u0131 tek numaralar ve \u00e7ift numaralar olmak \u00fczere blok olarak ayr\u0131lm\u0131\u015ft\u0131r.<\/p>\n\n\t\t<\/div>\n\t<\/div>\n<\/div><\/div><div class=\"vc_tta-panel\" id=\"1583406757406-74658848-3785\" data-vc-content=\".vc_tta-panel-body\"><div class=\"vc_tta-panel-heading\"><h4 class=\"vc_tta-panel-title\"><a href=\"#1583406757406-74658848-3785\" data-vc-accordion data-vc-container=\".vc_tta-container\"><span class=\"vc_tta-title-text\">G\u0130R\u0130\u015e KAPILARI<\/span><\/a><\/h4><\/div><div class=\"vc_tta-panel-body\">\n\t<div class=\"wpb_text_column wpb_content_element \" >\n\t\t<div class=\"wpb_wrapper\">\n\t\t\t<p><img loading=\"lazy\" decoding=\"async\" class=\"size-large wp-image-2123 aligncenter\" src=\"http:\/\/www.atasahne.com\/wp-content\/uploads\/2020\/03\/ERA02682c1-1024x638.jpg\" alt=\"\" width=\"1024\" height=\"638\" srcset=\"http:\/\/www.atasahne.com\/wp-content\/uploads\/2020\/03\/ERA02682c1-1024x638.jpg 1024w, http:\/\/www.atasahne.com\/wp-content\/uploads\/2020\/03\/ERA02682c1-300x187.jpg 300w, http:\/\/www.atasahne.com\/wp-content\/uploads\/2020\/03\/ERA02682c1-768x479.jpg 768w, http:\/\/www.atasahne.com\/wp-content\/uploads\/2020\/03\/ERA02682c1-1536x957.jpg 1536w, http:\/\/www.atasahne.com\/wp-content\/uploads\/2020\/03\/ERA02682c1-440x274.jpg 440w, http:\/\/www.atasahne.com\/wp-content\/uploads\/2020\/03\/ERA02682c1.jpg 1900w\" sizes=\"(max-width: 1024px) 100vw, 1024px\" \/><\/p>\n<p>Zemin katta 6 adet ve bodrum katta tek numaralar ve \u00e7ift numaralar i\u00e7in 2 adet olmak \u00fczere giri\u015f kap\u0131lar\u0131 bulunmaktad\u0131r.<\/p>\n\n\t\t<\/div>\n\t<\/div>\n<\/div><\/div><div class=\"vc_tta-panel\" id=\"1583406795998-55a07c77-8cd9\" data-vc-content=\".vc_tta-panel-body\"><div class=\"vc_tta-panel-heading\"><h4 class=\"vc_tta-panel-title\"><a href=\"#1583406795998-55a07c77-8cd9\" data-vc-accordion data-vc-container=\".vc_tta-container\"><span class=\"vc_tta-title-text\">SAHNE<\/span><\/a><\/h4><\/div><div class=\"vc_tta-panel-body\">\n\t<div class=\"wpb_text_column wpb_content_element \" >\n\t\t<div class=\"wpb_wrapper\">\n\t\t\t<p><img loading=\"lazy\" decoding=\"async\" class=\"size-large wp-image-2126 aligncenter\" src=\"http:\/\/www.atasahne.com\/wp-content\/uploads\/2020\/03\/ERA02731c1-1024x683.jpg\" alt=\"\" width=\"1024\" height=\"683\" srcset=\"http:\/\/www.atasahne.com\/wp-content\/uploads\/2020\/03\/ERA02731c1-1024x683.jpg 1024w, http:\/\/www.atasahne.com\/wp-content\/uploads\/2020\/03\/ERA02731c1-300x200.jpg 300w, http:\/\/www.atasahne.com\/wp-content\/uploads\/2020\/03\/ERA02731c1-768x512.jpg 768w, http:\/\/www.atasahne.com\/wp-content\/uploads\/2020\/03\/ERA02731c1-1536x1024.jpg 1536w, http:\/\/www.atasahne.com\/wp-content\/uploads\/2020\/03\/ERA02731c1-440x293.jpg 440w, http:\/\/www.atasahne.com\/wp-content\/uploads\/2020\/03\/ERA02731c1.jpg 1900w\" sizes=\"(max-width: 1024px) 100vw, 1024px\" \/><\/p>\n<p>??? m2 alana sahip, son teknoloji teknik ekipmanlar ile donat\u0131lm\u0131\u015f sahne bulunmaktad\u0131r. Sahne arkas\u0131nda bulunan ge\u00e7itler ile sa\u011f ve sol taraflardan sahneye \u00e7\u0131k\u0131\u015f sa\u011flanabilmektedir. \u0130htiya\u00e7 duyulmas\u0131 halinde sahne daraltma \u00f6zelli\u011fi bulunmaktad\u0131r. T\u00fcm perde aksamlar\u0131, dekor\/perde ask\u0131lar\u0131, sahne daraltma, \u0131\u015f\u0131k k\u00f6pr\u00fcleri ve projeksiyon perdeleri elektronik ortamda tek tu\u015fla ayarlanabilmektedir.<\/p>\n\n\t\t<\/div>\n\t<\/div>\n<\/div><\/div><div class=\"vc_tta-panel\" id=\"1583406814113-d8d5796d-3365\" data-vc-content=\".vc_tta-panel-body\"><div class=\"vc_tta-panel-heading\"><h4 class=\"vc_tta-panel-title\"><a href=\"#1583406814113-d8d5796d-3365\" data-vc-accordion data-vc-container=\".vc_tta-container\"><span class=\"vc_tta-title-text\">SAHNE ARKASI<\/span><\/a><\/h4><\/div><div class=\"vc_tta-panel-body\">\n\t<div class=\"wpb_text_column wpb_content_element \" >\n\t\t<div class=\"wpb_wrapper\">\n\t\t\t<p><img loading=\"lazy\" decoding=\"async\" class=\"size-large wp-image-2128 aligncenter\" src=\"http:\/\/www.atasahne.com\/wp-content\/uploads\/2020\/03\/ERA02736c1-1024x683.jpg\" alt=\"\" width=\"1024\" height=\"683\" srcset=\"http:\/\/www.atasahne.com\/wp-content\/uploads\/2020\/03\/ERA02736c1-1024x683.jpg 1024w, http:\/\/www.atasahne.com\/wp-content\/uploads\/2020\/03\/ERA02736c1-300x200.jpg 300w, http:\/\/www.atasahne.com\/wp-content\/uploads\/2020\/03\/ERA02736c1-768x512.jpg 768w, http:\/\/www.atasahne.com\/wp-content\/uploads\/2020\/03\/ERA02736c1-1536x1024.jpg 1536w, http:\/\/www.atasahne.com\/wp-content\/uploads\/2020\/03\/ERA02736c1-440x293.jpg 440w, http:\/\/www.atasahne.com\/wp-content\/uploads\/2020\/03\/ERA02736c1.jpg 1900w\" sizes=\"(max-width: 1024px) 100vw, 1024px\" \/><\/p>\n<p>Sahne arkas\u0131nda bulunan kulis\/sanat\u00e7\u0131 odalar\u0131n\u0131n kat\u0131l\u0131mc\u0131 giri\u015finden ayr\u0131 olarak giri\u015fleri bulunmaktad\u0131r. Odalar bodrum kat ve zemin katta olmak \u00fczere iki katl\u0131d\u0131r. Kulisler aras\u0131 kat ge\u00e7i\u015fleri merdiven ile sa\u011flanmaktad\u0131r.<\/p>\n\n\t\t<\/div>\n\t<\/div>\n<\/div><\/div><div class=\"vc_tta-panel\" id=\"1583406832166-d1080cd0-d5aa\" data-vc-content=\".vc_tta-panel-body\"><div class=\"vc_tta-panel-heading\"><h4 class=\"vc_tta-panel-title\"><a href=\"#1583406832166-d1080cd0-d5aa\" data-vc-accordion data-vc-container=\".vc_tta-container\"><span class=\"vc_tta-title-text\">FUAYE ALANI<\/span><\/a><\/h4><\/div><div class=\"vc_tta-panel-body\">\n\t<div class=\"wpb_text_column wpb_content_element \" >\n\t\t<div class=\"wpb_wrapper\">\n\t\t\t<p><img loading=\"lazy\" decoding=\"async\" class=\"size-large wp-image-2129 aligncenter\" src=\"http:\/\/www.atasahne.com\/wp-content\/uploads\/2020\/03\/ERA02758c-1024x683.jpg\" alt=\"\" width=\"1024\" height=\"683\" srcset=\"http:\/\/www.atasahne.com\/wp-content\/uploads\/2020\/03\/ERA02758c-1024x683.jpg 1024w, http:\/\/www.atasahne.com\/wp-content\/uploads\/2020\/03\/ERA02758c-300x200.jpg 300w, http:\/\/www.atasahne.com\/wp-content\/uploads\/2020\/03\/ERA02758c-768x512.jpg 768w, http:\/\/www.atasahne.com\/wp-content\/uploads\/2020\/03\/ERA02758c-1536x1024.jpg 1536w, http:\/\/www.atasahne.com\/wp-content\/uploads\/2020\/03\/ERA02758c-440x293.jpg 440w, http:\/\/www.atasahne.com\/wp-content\/uploads\/2020\/03\/ERA02758c.jpg 1900w\" sizes=\"(max-width: 1024px) 100vw, 1024px\" \/><\/p>\n<p>Kahve molalar\u0131 ve\/veya stant alanlar\u0131 i\u00e7in 920 m2&#8217;lik Oditoryum zemin kat giri\u015f fuayesi kullan\u0131lmaktad\u0131r. Fuaye alan\u0131 i\u00e7erisinde vestiyer ve kafeterya bulunmaktad\u0131r.<\/p>\n\n\t\t<\/div>\n\t<\/div>\n<\/div><\/div><\/div><\/div><\/div><\/div><\/div><\/div><\/div><\/div><div class=\"vc_row wpb_row lvsy-dhav-dotted vc_row-fluid\"><div class=\"wpb_column vc_column_container text-default vc_col-sm-12\"><div class=\"vc_column-inner \"><div class=\"wpb_wrapper\"><\/div><\/div><\/div><\/div>\n","protected":false},"excerpt":{"rendered":"ALANLAR VE KAT PLANLARIOD\u0130TORYUMGENELG\u0130R\u0130\u015e KAPILARISAHNESAHNE ARKASIFUAYE ALANIGENEL 1.437,05 m2 alana sahip Oditoryum 1489 ki\u015fi kapasitelidir. Tiyatro etkinliklerinde sahne derinli\u011fini seyirciye hissettirebilmek ad\u0131na salon iki yan blok akustik perde ile kapat\u0131labilmekte [...]","protected":false},"author":1,"featured_media":0,"parent":0,"menu_order":0,"comment_status":"closed","ping_status":"closed","template":"","meta":{"om_disable_all_campaigns":false,"_monsterinsights_skip_tracking":false,"_monsterinsights_sitenote_active":false,"_monsterinsights_sitenote_note":"","_monsterinsights_sitenote_category":0,"_EventAllDay":false,"_EventTimezone":"","_EventStartDate":"","_EventEndDate":"","_EventStartDateUTC":"","_EventEndDateUTC":"","_EventShowMap":false,"_EventShowMapLink":false,"_EventURL":"","_EventCost":"","_EventCostDescription":"","_EventCurrencySymbol":"","_EventCurrencyPosition":"","_EventDateTimeSeparator":"","_EventTimeRangeSeparator":"","_EventOrganizerID":[],"_EventVenueID":0,"_OrganizerEmail":"","_OrganizerPhone":"","_OrganizerWebsite":"","_VenueAddress":"","_VenueCity":"","_VenueCountry":"","_VenueProvince":"","_VenueZip":"","_VenuePhone":"","_VenueURL":"","_VenueStateProvince":"","_VenueLat":"","_VenueLng":"","footnotes":""},"class_list":["post-2099","page","type-page","status-publish","hentry"],"_links":{"self":[{"href":"http:\/\/www.atasahne.com\/index.php\/wp-json\/wp\/v2\/pages\/2099"}],"collection":[{"href":"http:\/\/www.atasahne.com\/index.php\/wp-json\/wp\/v2\/pages"}],"about":[{"href":"http:\/\/www.atasahne.com\/index.php\/wp-json\/wp\/v2\/types\/page"}],"author":[{"embeddable":true,"href":"http:\/\/www.atasahne.com\/index.php\/wp-json\/wp\/v2\/users\/1"}],"replies":[{"embeddable":true,"href":"http:\/\/www.atasahne.com\/index.php\/wp-json\/wp\/v2\/comments?post=2099"}],"version-history":[{"count":29,"href":"http:\/\/www.atasahne.com\/index.php\/wp-json\/wp\/v2\/pages\/2099\/revisions"}],"predecessor-version":[{"id":2191,"href":"http:\/\/www.atasahne.com\/index.php\/wp-json\/wp\/v2\/pages\/2099\/revisions\/2191"}],"wp:attachment":[{"href":"http:\/\/www.atasahne.com\/index.php\/wp-json\/wp\/v2\/media?parent=2099"}],"curies":[{"name":"wp","href":"https:\/\/api.w.org\/{rel}","templated":true}]}}