{"id":2150,"date":"2020-03-05T15:17:19","date_gmt":"2020-03-05T12:17:19","guid":{"rendered":"http:\/\/www.atasahne.com\/?page_id=2150"},"modified":"2020-03-10T12:37:46","modified_gmt":"2020-03-10T09:37:46","slug":"seminer-salonlari","status":"publish","type":"page","link":"http:\/\/www.atasahne.com\/index.php\/seminer-salonlari\/","title":{"rendered":"Seminer Salonlar\u0131"},"content":{"rendered":"<div class=\"vc_row wpb_row lvsy-dhav-dotted vc_row-fluid\"><div class=\"wpb_column vc_column_container text-default vc_col-sm-12\"><div class=\"vc_column-inner \"><div class=\"wpb_wrapper\"><h2 style=\"text-align: left;font-family:Oswald;font-weight:400;font-style:normal\" class=\"vc_custom_heading\" >ALANLAR VE KAT PLANLARI<\/h2><h3 style=\"text-align: left;font-family:Oswald;font-weight:400;font-style:normal\" class=\"vc_custom_heading\" >SEM\u0130NER SALONLARI<\/h3><div class=\"vc_empty_space\"   style=\"height: 32px\"><span class=\"vc_empty_space_inner\"><\/span><\/div><\/div><\/div><\/div><\/div><div class=\"vc_row wpb_row lvsy-dhav-dotted vc_row-fluid\"><div class=\"wpb_column vc_column_container text-default vc_col-sm-12\"><div class=\"vc_column-inner \"><div class=\"wpb_wrapper\"><\/div><\/div><\/div><\/div><div class=\"vc_row wpb_row lvsy-dhav-dotted vc_row-fluid\"><div class=\"wpb_column vc_column_container text-default vc_col-sm-12\"><div class=\"vc_column-inner \"><div class=\"wpb_wrapper\">\n\t<div class=\"wpb_text_column wpb_content_element  vc_custom_1583474283305\" >\n\t\t<div class=\"wpb_wrapper\">\n\t\t\t<h3 style=\"text-align: center;\"><strong>GENEL<\/strong><\/h3>\n<h4 style=\"text-align: center;\">397,80 m2 alana sahip seminer salonu, ses yal\u0131t\u0131ml\u0131 paravanlar ile b\u00f6l\u00fcnerek 6 adet ek salon yarat\u0131labilmektedir.<br \/>\nAyr\u0131ca yine ayn\u0131 katta 2 adet ba\u011f\u0131ms\u0131z seminer salonu bulunmaktad\u0131r.<\/h4>\n\n\t\t<\/div>\n\t<\/div>\n<\/div><\/div><\/div><\/div><div class=\"vc_row wpb_row lvsy-dhav-dotted vc_row-fluid\"><div class=\"wpb_column vc_column_container text-default vc_col-sm-12\"><div class=\"vc_column-inner \"><div class=\"wpb_wrapper\">\n\t<div class=\"wpb_text_column wpb_content_element  vc_custom_1583474292035\" >\n\t\t<div class=\"wpb_wrapper\">\n\t\t\t<h3 style=\"text-align: center;\"><strong>G\u0130R\u0130\u015e KAPILARI<br \/>\n<\/strong><\/h3>\n<h4 style=\"text-align: center;\">Seminer Salonlar\u0131n\u0131n giri\u015f kap\u0131lar\u0131 1. katta (asma kat) yer almaktad\u0131r.<\/h4>\n\n\t\t<\/div>\n\t<\/div>\n<\/div><\/div><\/div><\/div><div class=\"vc_row wpb_row lvsy-dhav-dotted vc_row-fluid\"><div class=\"wpb_column vc_column_container text-default vc_col-sm-12\"><div class=\"vc_column-inner \"><div class=\"wpb_wrapper\">\n\t<div class=\"wpb_text_column wpb_content_element  vc_custom_1583474300450\" >\n\t\t<div class=\"wpb_wrapper\">\n\t\t\t<h3><\/h3>\n<h3 style=\"text-align: center;\"><strong>SALON PLANLARI<br \/>\n<\/strong><\/h3>\n<p>&nbsp;<\/p>\n\n\t\t<\/div>\n\t<\/div>\n<\/div><\/div><\/div><\/div><div class=\"vc_row wpb_row lvsy-dhav-dotted vc_row-fluid\"><div class=\"wpb_column vc_column_container text-default vc_col-sm-12\"><div class=\"vc_column-inner \"><div class=\"wpb_wrapper\">\n\t<div class=\"wpb_text_column wpb_content_element  vc_custom_1583474340449\" >\n\t\t<div class=\"wpb_wrapper\">\n\t\t\t<h3 style=\"text-align: center;\"><strong>\u00d6L\u00c7\u00dcLER &amp; D\u00dcZENLER\u00a0 (S\u0131n\u0131f, Protokol, Tiyatro, U d\u00fczen, Yuvarlak Masa)<\/strong><\/h3>\n<table border=\"1\" width=\"100%\">\n<tbody>\n<tr>\n<td width=\"193\"><strong>SALON<\/strong><\/td>\n<td width=\"97\"><strong>Geni\u015flik (m)<\/strong><\/td>\n<td width=\"87\"><strong>Uzunluk (m)<\/strong><\/td>\n<td width=\"95\"><strong>Tavan<br \/>\nY\u00fcksekli\u011fi (m)<\/strong><\/td>\n<td width=\"77\"><strong>Alan (m2)<\/strong><\/td>\n<\/tr>\n<tr>\n<td width=\"193\"><strong>Seminer Salonu \/ A\u00e7\u0131k hali<\/strong><\/td>\n<td width=\"97\">9,00<\/td>\n<td width=\"87\">44,20<\/td>\n<td width=\"95\">3,60<\/td>\n<td width=\"77\">397,80<\/td>\n<\/tr>\n<tr>\n<td width=\"193\"><strong>Seminer Salonu-1<\/strong><\/td>\n<td width=\"97\">7,50<\/td>\n<td width=\"87\">9,00<\/td>\n<td width=\"95\">3,60<\/td>\n<td width=\"77\">67,50<\/td>\n<\/tr>\n<tr>\n<td width=\"193\"><strong>Seminer Salonu-2<\/strong><\/td>\n<td width=\"97\">7,50<\/td>\n<td width=\"87\">9,00<\/td>\n<td width=\"95\">3,60<\/td>\n<td width=\"77\">67,50<\/td>\n<\/tr>\n<tr>\n<td width=\"193\"><strong>Seminer Salonu-3<\/strong><\/td>\n<td width=\"97\">7,50<\/td>\n<td width=\"87\">9,00<\/td>\n<td width=\"95\">3,60<\/td>\n<td width=\"77\">67,50<\/td>\n<\/tr>\n<tr>\n<td width=\"193\"><strong>Seminer Salonu-4<\/strong><\/td>\n<td width=\"97\">7,50<\/td>\n<td width=\"87\">9,00<\/td>\n<td width=\"95\">3,60<\/td>\n<td width=\"77\">67,50<\/td>\n<\/tr>\n<tr>\n<td width=\"193\"><strong>Seminer Salonu-5<\/strong><\/td>\n<td width=\"97\">7,50<\/td>\n<td width=\"87\">9,00<\/td>\n<td width=\"95\">3,60<\/td>\n<td width=\"77\">67,50<\/td>\n<\/tr>\n<tr>\n<td width=\"193\"><strong>Seminer Salonu-6<\/strong><\/td>\n<td width=\"97\">6,70<\/td>\n<td width=\"87\">9,00<\/td>\n<td width=\"95\">3,60<\/td>\n<td width=\"77\">60,30<\/td>\n<\/tr>\n<tr>\n<td width=\"193\"><strong>Seminer Salonu-7<\/strong><\/td>\n<td width=\"97\">9,00<\/td>\n<td width=\"87\">10,07<\/td>\n<td width=\"95\">3,60<\/td>\n<td width=\"77\">90,63<\/td>\n<\/tr>\n<tr>\n<td width=\"193\"><strong>Seminer Salonu-8 (sekreterya)<\/strong><\/td>\n<td width=\"97\">3,40<\/td>\n<td width=\"87\">6,00<\/td>\n<td width=\"95\">3,60<\/td>\n<td width=\"77\">20,40<\/td>\n<\/tr>\n<\/tbody>\n<\/table>\n<p>&nbsp;<\/p>\n<p style=\"text-align: center;\"><strong>\u00a0<\/strong><\/p>\n\n\t\t<\/div>\n\t<\/div>\n<\/div><\/div><\/div><\/div><div class=\"vc_row wpb_row lvsy-dhav-dotted vc_row-fluid\"><div class=\"wpb_column vc_column_container text-default vc_col-sm-12\"><div class=\"vc_column-inner \"><div class=\"wpb_wrapper\"><div class=\"wpb_gallery wpb_content_element vc_clearfix\" ><div class=\"wpb_wrapper\"><div class=\"wpb_gallery_slides wpb_image_grid\" data-interval=\"3\"><ul class=\"wpb_image_grid_ul\"><li class=\"isotope-item\"><a class=\"prettyphoto\" href=\"http:\/\/www.atasahne.com\/wp-content\/uploads\/2020\/03\/ERA02756-copy-1024x683.jpg\" data-rel=\"prettyPhoto[rel-2150-546827462]\"><img loading=\"lazy\" decoding=\"async\" class=\"\" src=\"http:\/\/www.atasahne.com\/wp-content\/uploads\/2020\/03\/ERA02756-copy-400x200.jpg\" width=\"400\" height=\"200\" alt=\"ERA02756 copy\" title=\"ERA02756 copy\" \/><\/a><\/li><li class=\"isotope-item\"><a class=\"prettyphoto\" href=\"http:\/\/www.atasahne.com\/wp-content\/uploads\/2020\/03\/ERA02682-copy-1024x638.jpg\" data-rel=\"prettyPhoto[rel-2150-546827462]\"><img loading=\"lazy\" decoding=\"async\" class=\"\" src=\"http:\/\/www.atasahne.com\/wp-content\/uploads\/2020\/03\/ERA02682-copy-400x200.jpg\" width=\"400\" height=\"200\" alt=\"ERA02682 copy\" title=\"ERA02682 copy\" \/><\/a><\/li><\/ul><\/div><\/div><\/div><\/div><\/div><\/div><\/div>\n","protected":false},"excerpt":{"rendered":"ALANLAR VE KAT PLANLARISEM\u0130NER SALONLARI GENEL 397,80 m2 alana sahip seminer salonu, ses yal\u0131t\u0131ml\u0131 paravanlar ile b\u00f6l\u00fcnerek 6 adet ek salon yarat\u0131labilmektedir. Ayr\u0131ca yine ayn\u0131 katta 2 adet ba\u011f\u0131ms\u0131z seminer [...]","protected":false},"author":1,"featured_media":0,"parent":0,"menu_order":0,"comment_status":"closed","ping_status":"closed","template":"","meta":{"om_disable_all_campaigns":false,"_monsterinsights_skip_tracking":false,"_monsterinsights_sitenote_active":false,"_monsterinsights_sitenote_note":"","_monsterinsights_sitenote_category":0,"_EventAllDay":false,"_EventTimezone":"","_EventStartDate":"","_EventEndDate":"","_EventStartDateUTC":"","_EventEndDateUTC":"","_EventShowMap":false,"_EventShowMapLink":false,"_EventURL":"","_EventCost":"","_EventCostDescription":"","_EventCurrencySymbol":"","_EventCurrencyPosition":"","_EventDateTimeSeparator":"","_EventTimeRangeSeparator":"","_EventOrganizerID":[],"_EventVenueID":0,"_OrganizerEmail":"","_OrganizerPhone":"","_OrganizerWebsite":"","_VenueAddress":"","_VenueCity":"","_VenueCountry":"","_VenueProvince":"","_VenueZip":"","_VenuePhone":"","_VenueURL":"","_VenueStateProvince":"","_VenueLat":"","_VenueLng":"","footnotes":""},"class_list":["post-2150","page","type-page","status-publish","hentry"],"_links":{"self":[{"href":"http:\/\/www.atasahne.com\/index.php\/wp-json\/wp\/v2\/pages\/2150"}],"collection":[{"href":"http:\/\/www.atasahne.com\/index.php\/wp-json\/wp\/v2\/pages"}],"about":[{"href":"http:\/\/www.atasahne.com\/index.php\/wp-json\/wp\/v2\/types\/page"}],"author":[{"embeddable":true,"href":"http:\/\/www.atasahne.com\/index.php\/wp-json\/wp\/v2\/users\/1"}],"replies":[{"embeddable":true,"href":"http:\/\/www.atasahne.com\/index.php\/wp-json\/wp\/v2\/comments?post=2150"}],"version-history":[{"count":17,"href":"http:\/\/www.atasahne.com\/index.php\/wp-json\/wp\/v2\/pages\/2150\/revisions"}],"predecessor-version":[{"id":2192,"href":"http:\/\/www.atasahne.com\/index.php\/wp-json\/wp\/v2\/pages\/2150\/revisions\/2192"}],"wp:attachment":[{"href":"http:\/\/www.atasahne.com\/index.php\/wp-json\/wp\/v2\/media?parent=2150"}],"curies":[{"name":"wp","href":"https:\/\/api.w.org\/{rel}","templated":true}]}}